{"id":67,"date":"2016-01-21T01:23:52","date_gmt":"2016-01-20T23:23:52","guid":{"rendered":"https:\/\/kuremaa.eu\/oieke\/?page_id=67"},"modified":"2016-03-06T12:50:10","modified_gmt":"2016-03-06T10:50:10","slug":"uritused","status":"publish","type":"page","link":"https:\/\/kuremaa.eu\/oieke\/mtu-oieke\/uritused\/","title":{"rendered":"\u00dcritused"},"content":{"rendered":"<p>[section=2015 aasta]19.05.2015 \u2013 Kuremaa Suvelaager 2015 infop\u00e4ev Kuremaa Avatud Noortekeskuses.<br \/>\n28.06 &#8211; 03.07.2015 \u2013 Kuremaa III Suvelaager (korraldamine).<br \/>\n27. ja 30.10.2015 \u2013 Halloweeni k\u00f5rvitsate \u00f5pituba Torma ja Sadala noortetoas.<br \/>\n5.-6.11.2015 \u2013 Kipsk\u00e4te \u00f5pituba Torma ja Sadala noortetoas.<br \/>\n9.-12.11.2015 \u2013 Geelk\u00fc\u00fcnalde \u00f5pituba Torma ja Sadala noortetoas.[endsection][section=2014 aasta]14.03.2014 &#8211; IT-\u00d6\u00d6 Voorel (toitlustus, video\u00fclekande organiseerimine, \u00f6\u00f6juhtimine ja \u00fcle Eestilise peaauhinna v\u00e4\u00e4rilise m\u00f5tte loomine).<br \/>\n26.-30.06.2014 &#8211; Voore Suvelaager (korraldamine).<br \/>\n02.-08.07.2014 &#8211; Kuremaa II Suvelaager (korraldamine).[endsection][section=2013 aasta]11.07.2013 \u2013 Kuremaa ESF Suvelaager (korraldamine).[endsection]<\/p>\n","protected":false},"excerpt":{"rendered":"<p>[section=2015 aasta]19.05.2015 \u2013 Kuremaa Suvelaager 2015 infop\u00e4ev Kuremaa Avatud Noortekeskuses. 28.06 &#8211; 03.07.2015 \u2013 Kuremaa III Suvelaager (korraldamine). 27. ja 30.10.2015 \u2013 Halloweeni k\u00f5rvitsate \u00f5pituba Torma ja Sadala noortetoas. 5.-6.11.2015 \u2013 Kipsk\u00e4te \u00f5pituba Torma ja Sadala noortetoas. 9.-12.11.2015 \u2013 Geelk\u00fc\u00fcnalde \u00f5pituba Torma ja Sadala noortetoas.[endsection][section=2014 aasta]14.03.2014 &#8211; IT-\u00d6\u00d6 Voorel (toitlustus, video\u00fclekande organiseerimine, \u00f6\u00f6juhtimine ja \u00fcle<br \/><a class=\"moretag\" href=\"https:\/\/kuremaa.eu\/oieke\/mtu-oieke\/uritused\/\">+ Read More<\/a><\/p>\n","protected":false},"author":1,"featured_media":0,"parent":17,"menu_order":1,"comment_status":"closed","ping_status":"closed","template":"","meta":{"_monsterinsights_skip_tracking":false,"_monsterinsights_sitenote_active":false,"_monsterinsights_sitenote_note":"","_monsterinsights_sitenote_category":0,"footnotes":""},"class_list":["post-67","page","type-page","status-publish","hentry"],"aioseo_notices":[],"_links":{"self":[{"href":"https:\/\/kuremaa.eu\/oieke\/wp-json\/wp\/v2\/pages\/67","targetHints":{"allow":["GET"]}}],"collection":[{"href":"https:\/\/kuremaa.eu\/oieke\/wp-json\/wp\/v2\/pages"}],"about":[{"href":"https:\/\/kuremaa.eu\/oieke\/wp-json\/wp\/v2\/types\/page"}],"author":[{"embeddable":true,"href":"https:\/\/kuremaa.eu\/oieke\/wp-json\/wp\/v2\/users\/1"}],"replies":[{"embeddable":true,"href":"https:\/\/kuremaa.eu\/oieke\/wp-json\/wp\/v2\/comments?post=67"}],"version-history":[{"count":5,"href":"https:\/\/kuremaa.eu\/oieke\/wp-json\/wp\/v2\/pages\/67\/revisions"}],"predecessor-version":[{"id":94,"href":"https:\/\/kuremaa.eu\/oieke\/wp-json\/wp\/v2\/pages\/67\/revisions\/94"}],"up":[{"embeddable":true,"href":"https:\/\/kuremaa.eu\/oieke\/wp-json\/wp\/v2\/pages\/17"}],"wp:attachment":[{"href":"https:\/\/kuremaa.eu\/oieke\/wp-json\/wp\/v2\/media?parent=67"}],"curies":[{"name":"wp","href":"https:\/\/api.w.org\/{rel}","templated":true}]}}