{"id":429,"date":"2018-03-12T11:10:48","date_gmt":"2018-03-12T09:10:48","guid":{"rendered":"https:\/\/kuremaa.eu\/jarvepaaste\/?page_id=429"},"modified":"2025-04-16T01:22:03","modified_gmt":"2025-04-15T22:22:03","slug":"sadama-hinnakiri","status":"publish","type":"page","link":"https:\/\/kuremaa.eu\/jarvepaaste\/sadam\/sadama-hinnakiri\/","title":{"rendered":"Paadikohad"},"content":{"rendered":"<p style=\"text-align: center;\"><strong>Kuremaa Allika paadisadama hinnakiri<br \/>\n<span style=\"color: #ff0000;\">alates 15.04.2025<\/span><\/strong><\/p>\n<p><span style=\"color: #ff6600;\"><strong>T\u00c4HELEPANU!<\/strong> Alates 2022. aastast ei paku aluse hoiustamist sillal korraga pikemaks ajaks kui 1 kuu, et v\u00e4hendada paadikohtade h\u00f5ivamist uppuvate paatide poolt.<br \/>\n<em>Paadi pumpamisteenus on 5\u20ac\/kord (tutvu sadama eeskirjaga!)<\/em><\/span><\/p>\n<p style=\"text-align: left;\"><strong style=\"font-size: revert; color: initial;\">Aluste hoiustamine paadisillal \u00fcks kuu:<\/strong><\/p>\n<table>\n<tbody>\n<tr>\n<td width=\"330\">Aerupaat kuni 3,5m<\/td>\n<td width=\"85\">15 \u20ac<\/td>\n<\/tr>\n<tr>\n<td width=\"330\">Aerupaat kuni 5m<\/td>\n<td width=\"85\">20 \u20ac<\/td>\n<\/tr>\n<tr>\n<td width=\"330\">Mootorpaat kuni 30HP<\/td>\n<td width=\"85\">25 \u20ac<\/td>\n<\/tr>\n<tr>\n<td width=\"330\">Mootorpaat kuni 70HP<\/td>\n<td width=\"85\">30 \u20ac<\/td>\n<\/tr>\n<tr>\n<td width=\"330\">Mootorpaat \u00fcle 70HP<\/td>\n<td width=\"85\">35 \u20ac<\/td>\n<\/tr>\n<\/tbody>\n<\/table>\n<p><strong>Aluste hoiustamine paadisillal k\u00fclalisena kuni n\u00e4dal:<\/strong><\/p>\n<table style=\"height: 120px;\">\n<tbody>\n<tr style=\"height: 24px;\">\n<td style=\"height: 24px;\" width=\"330\">Aerupaat kuni 3,5m<\/td>\n<td style=\"height: 24px;\" width=\"85\">10 \u20ac<\/td>\n<\/tr>\n<tr style=\"height: 24px;\">\n<td style=\"height: 24px;\" width=\"330\">Aerupaat kuni 5m<\/td>\n<td style=\"height: 24px;\" width=\"85\">15 \u20ac<\/td>\n<\/tr>\n<tr style=\"height: 24px;\">\n<td style=\"height: 24px;\" width=\"330\">Mootorpaat kuni 30HP<\/td>\n<td style=\"height: 24px;\" width=\"85\">20 \u20ac<\/td>\n<\/tr>\n<tr style=\"height: 24px;\">\n<td style=\"height: 24px;\" width=\"330\">Mootorpaat kuni 70HP<\/td>\n<td style=\"height: 24px;\" width=\"85\">25 \u20ac<\/td>\n<\/tr>\n<tr style=\"height: 24px;\">\n<td style=\"height: 24px;\" width=\"330\">Mootorpaat \u00fcle 70HP<\/td>\n<td style=\"height: 24px;\" width=\"85\">30 \u20ac<\/td>\n<\/tr>\n<\/tbody>\n<\/table>\n<p style=\"text-align: right;\"><em>K\u00fclalistele 2 esimest tundi tasuta<\/em><\/p>\n<ul>\n<li><span style=\"color: #ff0000;\"><em>Iga uue paadi omanik teavitab oma soovist sadama haldajat ja \u00fcheskoos valitakse paadile sobiv koht sadamas.<\/em><\/span><\/li>\n<li><span style=\"color: #ff0000;\"><em>Paadikoha registreerimisel n\u00f5ustud sadama eeskirjaga, millega saad tutvuda <a href=\"https:\/\/kuremaa.eu\/jarvepaaste\/sadam\/sadama-eeskiri\/\" target=\"_blank\" rel=\"noopener\"><strong>SIIN.<\/strong><\/a><\/em><\/span><\/li>\n<\/ul>\n<p style=\"text-align: right;\"><span style=\"color: #000000;\">K\u00fcsimuste korral info@kuremaa.eu v\u00f5i 5916 1510<\/span><\/p>\n<p style=\"text-align: left;\"><strong>Paadikoha registreerimine ja arve tellimine<\/strong><br \/>\n<div class=\"wpforms-container wpforms-container-full\" id=\"wpforms-449\"><form id=\"wpforms-form-449\" class=\"wpforms-validate wpforms-form\" data-formid=\"449\" method=\"post\" enctype=\"multipart\/form-data\" action=\"\/jarvepaaste\/wp-json\/wp\/v2\/pages\/429\" data-token=\"f289bd5c149a9664547f613d87d754ce\" data-token-time=\"1778064588\"><noscript class=\"wpforms-error-noscript\">Please enable JavaScript in your browser to complete this form.<\/noscript><div class=\"wpforms-field-container\"><div id=\"wpforms-449-field_1-container\" class=\"wpforms-field wpforms-field-text\" data-field-id=\"1\"><label class=\"wpforms-field-label\" for=\"wpforms-449-field_1\">Arve saaja <span class=\"wpforms-required-label\">*<\/span><\/label><input type=\"text\" id=\"wpforms-449-field_1\" class=\"wpforms-field-medium wpforms-field-required\" name=\"wpforms[fields][1]\" required><div class=\"wpforms-field-description\">Firma v\u00f5i eraisiku ees- ja perekonnanimi<\/div><\/div><div id=\"wpforms-449-field_8-container\" class=\"wpforms-field wpforms-field-text\" data-field-id=\"8\"><label class=\"wpforms-field-label\" for=\"wpforms-449-field_8\">Registri- v\u00f5i isikukood <span class=\"wpforms-required-label\">*<\/span><\/label><input type=\"text\" id=\"wpforms-449-field_8\" class=\"wpforms-field-medium wpforms-field-required\" name=\"wpforms[fields][8]\" required><\/div><div id=\"wpforms-449-field_2-container\" class=\"wpforms-field wpforms-field-email\" data-field-id=\"2\"><label class=\"wpforms-field-label\" for=\"wpforms-449-field_2\">E-mail <span class=\"wpforms-required-label\">*<\/span><\/label><input type=\"email\" id=\"wpforms-449-field_2\" class=\"wpforms-field-medium wpforms-field-required\" name=\"wpforms[fields][2]\" spellcheck=\"false\" required><div class=\"wpforms-field-description\">vajalik arve v\u00e4ljastamiseks (ei v\u00e4ljastata paberarveid!)<\/div><\/div><div id=\"wpforms-449-field_3-container\" class=\"wpforms-field wpforms-field-number\" data-field-id=\"3\"><label class=\"wpforms-field-label\" for=\"wpforms-449-field_3\">Telefon <span class=\"wpforms-required-label\">*<\/span><\/label><input type=\"number\" id=\"wpforms-449-field_3\" class=\"wpforms-field-medium wpforms-field-required\" name=\"wpforms[fields][3]\" step=\"any\" required><\/div><div id=\"wpforms-449-field_5-container\" class=\"wpforms-field wpforms-field-select wpforms-field-select-style-classic\" data-field-id=\"5\"><label class=\"wpforms-field-label\" for=\"wpforms-449-field_5\">Aluse t\u00fc\u00fcp <span class=\"wpforms-required-label\">*<\/span><\/label><select id=\"wpforms-449-field_5\" class=\"wpforms-field-medium wpforms-field-required\" name=\"wpforms[fields][5]\" required=\"required\"><option value=\"Aerupaat kuni 3,5m\"  class=\"choice-1 depth-1\"  >Aerupaat kuni 3,5m<\/option><option value=\"Aerupaat kuni 5m\"  class=\"choice-2 depth-1\"  >Aerupaat kuni 5m<\/option><option value=\"Mootorpaat kuni 30HP\"  class=\"choice-3 depth-1\"  >Mootorpaat kuni 30HP<\/option><option value=\"Mootorpaat kuni 70HP\"  class=\"choice-4 depth-1\"  >Mootorpaat kuni 70HP<\/option><option value=\"Mootorpaat \u00fcle 70HP\"  class=\"choice-5 depth-1\"  >Mootorpaat \u00fcle 70HP<\/option><\/select><div class=\"wpforms-field-description\">tee sobiv valik<\/div><\/div><div id=\"wpforms-449-field_11-container\" class=\"wpforms-field wpforms-field-radio\" data-field-id=\"11\"><label class=\"wpforms-field-label\">Aluse hoiustamise kestvus <span class=\"wpforms-required-label\">*<\/span><\/label><ul id=\"wpforms-449-field_11\" class=\"wpforms-field-required\"><li class=\"choice-2 depth-1\"><input type=\"radio\" id=\"wpforms-449-field_11_2\" name=\"wpforms[fields][11]\" value=\"\u00fcks kuu\" required ><label class=\"wpforms-field-label-inline\" for=\"wpforms-449-field_11_2\">\u00fcks kuu<\/label><\/li><li class=\"choice-3 depth-1\"><input type=\"radio\" id=\"wpforms-449-field_11_3\" name=\"wpforms[fields][11]\" value=\"kuni n\u00e4dal\" required ><label class=\"wpforms-field-label-inline\" for=\"wpforms-449-field_11_3\">kuni n\u00e4dal<\/label><\/li><\/ul><\/div><div id=\"wpforms-449-field_12-container\" class=\"wpforms-field wpforms-field-radio\" data-field-id=\"12\"><label class=\"wpforms-field-label\">Soovin lisaks osta paadile vendri <span class=\"wpforms-required-label\">*<\/span><\/label><ul id=\"wpforms-449-field_12\" class=\"wpforms-field-required\"><li class=\"choice-2 depth-1\"><input type=\"radio\" id=\"wpforms-449-field_12_2\" name=\"wpforms[fields][12]\" value=\"1tk - 16\u20ac\" required ><label class=\"wpforms-field-label-inline\" for=\"wpforms-449-field_12_2\">1tk - 16\u20ac<\/label><\/li><li class=\"choice-3 depth-1\"><input type=\"radio\" id=\"wpforms-449-field_12_3\" name=\"wpforms[fields][12]\" value=\"2tk - 32\u20ac\" required ><label class=\"wpforms-field-label-inline\" for=\"wpforms-449-field_12_3\">2tk - 32\u20ac<\/label><\/li><li class=\"choice-4 depth-1\"><input type=\"radio\" id=\"wpforms-449-field_12_4\" name=\"wpforms[fields][12]\" value=\"3tk - 48\u20ac\" required ><label class=\"wpforms-field-label-inline\" for=\"wpforms-449-field_12_4\">3tk - 48\u20ac<\/label><\/li><li class=\"choice-1 depth-1 wpforms-selected\"><input type=\"radio\" id=\"wpforms-449-field_12_1\" name=\"wpforms[fields][12]\" value=\"Ei\" required  checked='checked'><label class=\"wpforms-field-label-inline\" for=\"wpforms-449-field_12_1\">Ei<\/label><\/li><\/ul><\/div><div id=\"wpforms-449-field_9-container\" class=\"wpforms-field wpforms-field-textarea\" data-field-id=\"9\"><label class=\"wpforms-field-label\" for=\"wpforms-449-field_9\">T\u00e4psustused<\/label><textarea id=\"wpforms-449-field_9\" class=\"wpforms-field-medium\" name=\"wpforms[fields][9]\" ><\/textarea><div class=\"wpforms-field-description\">Vajalikud on paadi pikkus ja laius, et valida \u00f5iges suuruses paadikoht<\/div><\/div><\/div><!-- .wpforms-field-container --><div class=\"wpforms-field wpforms-field-hp\"><label for=\"wpforms-449-field-hp\" class=\"wpforms-field-label\">Comment<\/label><input type=\"text\" name=\"wpforms[hp]\" id=\"wpforms-449-field-hp\" class=\"wpforms-field-medium\"><\/div><div class=\"wpforms-submit-container\" ><input type=\"hidden\" name=\"wpforms[id]\" value=\"449\"><input type=\"hidden\" name=\"page_title\" value=\"\"><input type=\"hidden\" name=\"page_url\" value=\"https:\/\/kuremaa.eu\/jarvepaaste\/wp-json\/wp\/v2\/pages\/429\"><input type=\"hidden\" name=\"url_referer\" value=\"\"><button type=\"submit\" name=\"wpforms[submit]\" id=\"wpforms-submit-449\" class=\"wpforms-submit\" data-alt-text=\"Saatmine...\" data-submit-text=\"Saada\" aria-live=\"assertive\" value=\"wpforms-submit\">Saada<\/button><\/div><\/form><\/div>  <!-- .wpforms-container --><\/p>\n","protected":false},"excerpt":{"rendered":"<p>Kuremaa Allika paadisadama hinnakiri alates 15.04.2025 T\u00c4HELEPANU! Alates 2022. aastast ei paku aluse hoiustamist sillal korraga pikemaks ajaks kui 1 kuu, et v\u00e4hendada paadikohtade h\u00f5ivamist uppuvate paatide poolt. Paadi pumpamisteenus on 5\u20ac\/kord (tutvu sadama eeskirjaga!) Aluste hoiustamine paadisillal \u00fcks kuu: Aerupaat kuni 3,5m 15 \u20ac Aerupaat kuni 5m 20 \u20ac Mootorpaat kuni 30HP 25 \u20ac<br \/><a class=\"moretag\" href=\"https:\/\/kuremaa.eu\/jarvepaaste\/sadam\/sadama-hinnakiri\/\">+ Read More<\/a><\/p>\n","protected":false},"author":1,"featured_media":0,"parent":554,"menu_order":1,"comment_status":"closed","ping_status":"closed","template":"","meta":{"_monsterinsights_skip_tracking":false,"_monsterinsights_sitenote_active":false,"_monsterinsights_sitenote_note":"","_monsterinsights_sitenote_category":0,"footnotes":""},"class_list":["post-429","page","type-page","status-publish","hentry"],"aioseo_notices":[],"_links":{"self":[{"href":"https:\/\/kuremaa.eu\/jarvepaaste\/wp-json\/wp\/v2\/pages\/429","targetHints":{"allow":["GET"]}}],"collection":[{"href":"https:\/\/kuremaa.eu\/jarvepaaste\/wp-json\/wp\/v2\/pages"}],"about":[{"href":"https:\/\/kuremaa.eu\/jarvepaaste\/wp-json\/wp\/v2\/types\/page"}],"author":[{"embeddable":true,"href":"https:\/\/kuremaa.eu\/jarvepaaste\/wp-json\/wp\/v2\/users\/1"}],"replies":[{"embeddable":true,"href":"https:\/\/kuremaa.eu\/jarvepaaste\/wp-json\/wp\/v2\/comments?post=429"}],"version-history":[{"count":21,"href":"https:\/\/kuremaa.eu\/jarvepaaste\/wp-json\/wp\/v2\/pages\/429\/revisions"}],"predecessor-version":[{"id":790,"href":"https:\/\/kuremaa.eu\/jarvepaaste\/wp-json\/wp\/v2\/pages\/429\/revisions\/790"}],"up":[{"embeddable":true,"href":"https:\/\/kuremaa.eu\/jarvepaaste\/wp-json\/wp\/v2\/pages\/554"}],"wp:attachment":[{"href":"https:\/\/kuremaa.eu\/jarvepaaste\/wp-json\/wp\/v2\/media?parent=429"}],"curies":[{"name":"wp","href":"https:\/\/api.w.org\/{rel}","templated":true}]}}