{"id":25,"date":"2016-01-21T02:06:20","date_gmt":"2016-01-21T00:06:20","guid":{"rendered":"https:\/\/kuremaa.eu\/jarvepaaste\/?page_id=25"},"modified":"2025-03-29T00:24:13","modified_gmt":"2025-03-28T22:24:13","slug":"juhtimine","status":"publish","type":"page","link":"https:\/\/kuremaa.eu\/jarvepaaste\/uhing\/juhtimine\/","title":{"rendered":"Juhtimine"},"content":{"rendered":"<p><strong>Juhatus:<\/strong><\/p>\n<p>Kuremaa Vabatahtliku J\u00e4rvep\u00e4\u00e4ste juhatus on kahe liikmeline. Juhatus valitakse viieks aastaks.<\/p>\n<p>Janar Hannolainen<br \/>\ne-post: janar@kuremaa.eu<br \/>\ntelefon: +372 517 0314<\/p>\n<p><strong>Kuidas liikmeks saada?<\/strong><\/p>\n<p>Selleks t\u00e4ida vabas vormis avaldus ja saada see meile digitaalselt allkirjastatult e-postile.[endsection]<\/p>\n<p><strong>Vaba\u00fchenduste eetikakoodeks: <\/strong><\/p>\n<p>Kuremaa Vabatahtlik J\u00e4rvep\u00e4\u00e4ste on oma tegevuses l\u00e4bipaistev ja avatud organisatsioon, mis j\u00e4rgib vaba\u00fchenduste eetikakoodeksi: <a href=\"http:\/\/www.ngo.ee\/eetikakoodeks\" target=\"_blank\" rel=\"noopener\">http:\/\/www.ngo.ee\/eetikakoodeks<\/a><\/p>\n<p><strong>Majandusaasta aruanded:<\/strong><\/p>\n<p><a href=\"https:\/\/kuremaa.eu\/jarvepaaste\/files\/2024\/02\/KVJP-majandusaasta-aruanne-2022.pdf\" target=\"_blank\" rel=\"noopener\">2022 majandusaasta<\/a><br \/>\n<a href=\"https:\/\/kuremaa.eu\/jarvepaaste\/files\/2024\/02\/KVJP-majandusaasta-aruanne-2021.pdf\" target=\"_blank\" rel=\"noopener\">2021 majandusaasta<\/a><br \/>\n<a href=\"https:\/\/kuremaa.eu\/jarvepaaste\/files\/2024\/02\/KVJP-majandusaasta-aruanne-2020.pdf\" target=\"_blank\" rel=\"noopener\">2020 majandusaasta<\/a><br \/>\n<a href=\"https:\/\/kuremaa.eu\/jarvepaaste\/files\/2024\/02\/KVJP-majandusaasta-aruanne-2019.pdf\" target=\"_blank\" rel=\"noopener\">2019 majandusaasta<\/a><br \/>\n<a href=\"https:\/\/kuremaa.eu\/jarvepaaste\/files\/2024\/02\/KVJP-majandusaasta-aruanne-2018.pdf\" target=\"_blank\" rel=\"noopener\">2018 majandusaasta<\/a><br \/>\n<a href=\"https:\/\/kuremaa.eu\/jarvepaaste\/files\/2024\/02\/KVJP-majandusaasta-aruanne-2017.pdf\" target=\"_blank\" rel=\"noopener\">2017 majandusaasta<\/a><br \/>\n<a href=\"https:\/\/kuremaa.eu\/jarvepaaste\/files\/2024\/02\/KVJP-majandusaasta-aruanne-2016.pdf\" target=\"_blank\" rel=\"noopener\">2016 majandusaasta<\/a><br \/>\n<a href=\"https:\/\/kuremaa.eu\/jarvepaaste\/wp-content\/blogs.dir\/2\/files\/2016\/01\/KVJP-majandusaastaaruanne-2015.pdf\" target=\"_blank\" rel=\"noopener\">2015 majandusaasta<\/a><br \/>\n<a href=\"https:\/\/kuremaa.eu\/jarvepaaste\/wp-content\/blogs.dir\/2\/files\/2016\/01\/KVJP-majandusaasta-aruanne-2014.pdf\" target=\"_blank\" rel=\"noopener\">2014 majandusaasta<br \/>\n<\/a><a href=\"https:\/\/kuremaa.eu\/jarvepaaste\/wp-content\/blogs.dir\/2\/files\/2016\/01\/KVJP-majandusaasta-aruanne-2013.pdf\" target=\"_blank\" rel=\"noopener\">2013 majandusaasta<br \/>\n<\/a><a href=\"https:\/\/kuremaa.eu\/jarvepaaste\/wp-content\/blogs.dir\/2\/files\/2016\/01\/KVJP-majandusaasta-aruanne-2012.pdf\" target=\"_blank\" rel=\"noopener\">2012 majandusaasta<\/a><\/p>\n","protected":false},"excerpt":{"rendered":"<p>Juhatus: Kuremaa Vabatahtliku J\u00e4rvep\u00e4\u00e4ste juhatus on kahe liikmeline. Juhatus valitakse viieks aastaks. Janar Hannolainen e-post: janar@kuremaa.eu telefon: +372 517 0314 Kuidas liikmeks saada? Selleks t\u00e4ida vabas vormis avaldus ja saada see meile digitaalselt allkirjastatult e-postile.[endsection] Vaba\u00fchenduste eetikakoodeks: Kuremaa Vabatahtlik J\u00e4rvep\u00e4\u00e4ste on oma tegevuses l\u00e4bipaistev ja avatud organisatsioon, mis j\u00e4rgib vaba\u00fchenduste eetikakoodeksi: http:\/\/www.ngo.ee\/eetikakoodeks Majandusaasta aruanded: 2022<br \/><a class=\"moretag\" href=\"https:\/\/kuremaa.eu\/jarvepaaste\/uhing\/juhtimine\/\">+ Read More<\/a><\/p>\n","protected":false},"author":1,"featured_media":0,"parent":6,"menu_order":0,"comment_status":"closed","ping_status":"closed","template":"","meta":{"_monsterinsights_skip_tracking":false,"_monsterinsights_sitenote_active":false,"_monsterinsights_sitenote_note":"","_monsterinsights_sitenote_category":0,"footnotes":""},"class_list":["post-25","page","type-page","status-publish","hentry"],"aioseo_notices":[],"_links":{"self":[{"href":"https:\/\/kuremaa.eu\/jarvepaaste\/wp-json\/wp\/v2\/pages\/25","targetHints":{"allow":["GET"]}}],"collection":[{"href":"https:\/\/kuremaa.eu\/jarvepaaste\/wp-json\/wp\/v2\/pages"}],"about":[{"href":"https:\/\/kuremaa.eu\/jarvepaaste\/wp-json\/wp\/v2\/types\/page"}],"author":[{"embeddable":true,"href":"https:\/\/kuremaa.eu\/jarvepaaste\/wp-json\/wp\/v2\/users\/1"}],"replies":[{"embeddable":true,"href":"https:\/\/kuremaa.eu\/jarvepaaste\/wp-json\/wp\/v2\/comments?post=25"}],"version-history":[{"count":14,"href":"https:\/\/kuremaa.eu\/jarvepaaste\/wp-json\/wp\/v2\/pages\/25\/revisions"}],"predecessor-version":[{"id":733,"href":"https:\/\/kuremaa.eu\/jarvepaaste\/wp-json\/wp\/v2\/pages\/25\/revisions\/733"}],"up":[{"embeddable":true,"href":"https:\/\/kuremaa.eu\/jarvepaaste\/wp-json\/wp\/v2\/pages\/6"}],"wp:attachment":[{"href":"https:\/\/kuremaa.eu\/jarvepaaste\/wp-json\/wp\/v2\/media?parent=25"}],"curies":[{"name":"wp","href":"https:\/\/api.w.org\/{rel}","templated":true}]}}