{"id":801,"date":"2025-05-26T00:26:05","date_gmt":"2025-05-25T21:26:05","guid":{"rendered":"https:\/\/kuremaa.eu\/hannokas\/?page_id=801"},"modified":"2025-05-26T00:46:51","modified_gmt":"2025-05-25T21:46:51","slug":"kaameravalve","status":"publish","type":"page","link":"https:\/\/kuremaa.eu\/hannokas\/kaameravalve\/","title":{"rendered":"Kaameravalve"},"content":{"rendered":"\n<p>Alates 2018. aastast oleme lisateenusena tegelenud professionaalsete valvekaamerate seadistamise ja paigaldusega, et tagada sinu vara maksimaalne turvalisus. Meie eesm\u00e4rk on pakkuda individuaalseid ja t\u00f5husaid videovalvelahendusi, mis vastavad just sinu vajadustele.<\/p>\n\n\n\n<div style=\"height:20px\" aria-hidden=\"true\" class=\"wp-block-spacer\"><\/div>\n\n\n\n<p><strong>Miks meid partneriks valida?<\/strong><\/p>\n\n\n\n<ul class=\"wp-block-list\">\n<li><strong>Tipptasemel tehnoloogia:<\/strong> Kasutame turul parimaid valvekaameraid ja salvestusseadmeid. Meie pakutav kaamerate tootja on tuntud oma t\u00f6\u00f6kindluse ja innovaatiliste lahenduste poolest.<\/li>\n\n\n\n<li><strong>V\u00e4rviline pilt ka pimedas:<\/strong> Eelistame ja soovitame oma projektides <strong>v\u00e4rvilisi kaameraid v\u00e4hemalt 8MP eraldusv\u00f5imega<\/strong>. See t\u00e4hendab, et ka k\u00f5ige pimedamal ajal n\u00e4ed j\u00e4lgitavat ala <strong>v\u00e4rviliselt ja selgelt, just nagu p\u00e4eval<\/strong>, mis kindlasti aitab parandada olukordade tuvastamist ja detailide fikseerimist.<\/li>\n\n\n\n<li><strong>Individuaalne l\u00e4henemine:<\/strong> M\u00f5istame, et iga objekt on unikaalne. L\u00e4heneme igale projektile personaalselt, anal\u00fc\u00fcsides sinu vajadusi ja \u00fcmbritsevat keskkonda, nii loome optimaalse ja efektiivse valves\u00fcsteemi.<\/li>\n<\/ul>\n\n\n\n<div style=\"height:20px\" aria-hidden=\"true\" class=\"wp-block-spacer\"><\/div>\n\n\n\n<p><strong>Mida me pakume?<\/strong><\/p>\n\n\n\n<p>Pakume terviklahendusi alates s\u00fcsteemi planeerimisest ja seadmete valikust kuni professionaalse paigalduse ja seadistamiseni. Olgu tegemist eramu, korteri, kontori v\u00f5i suurema \u00e4ripinnaga \u2013 leiame alati sobiva lahenduse sinu turvalisuse tagamiseks.<\/p>\n\n\n\n<div style=\"height:20px\" aria-hidden=\"true\" class=\"wp-block-spacer\"><\/div>\n\n\n\n<p><strong>Vajad abi videovalvelahendusega?<\/strong><\/p>\n\n\n\n<p>V\u00f5ta meiega \u00fchendust! Leiame koos parima lahenduse sinu kodu v\u00f5i b\u00fcroopinna turvalisuse tagamiseks. Alustame konsultatsioonist, et m\u00f5ista sinu vajadusi ja pakkuda just sulle sobivat lahendust.<\/p>\n","protected":false},"excerpt":{"rendered":"<p>Alates 2018. aastast oleme lisateenusena tegelenud professionaalsete valvekaamerate seadistamise ja paigaldusega, et tagada sinu vara maksimaalne turvalisus. Meie eesm\u00e4rk on pakkuda individuaalseid ja t\u00f5husaid videovalvelahendusi, mis vastavad just sinu vajadustele. Miks meid partneriks valida? Mida me pakume? Pakume terviklahendusi alates s\u00fcsteemi planeerimisest ja seadmete valikust kuni professionaalse paigalduse ja seadistamiseni. Olgu tegemist eramu, korteri, kontori [&hellip;]<\/p>\n","protected":false},"author":1,"featured_media":0,"parent":0,"menu_order":3,"comment_status":"closed","ping_status":"closed","template":"","meta":{"saved_in_kubio":false,"_monsterinsights_skip_tracking":false,"_monsterinsights_sitenote_active":false,"_monsterinsights_sitenote_note":"","_monsterinsights_sitenote_category":0,"_uf_show_specific_survey":0,"_uf_disable_surveys":false,"footnotes":""},"class_list":["post-801","page","type-page","status-publish","hentry"],"aioseo_notices":[],"kubio_ai_page_context":{"short_desc":"","purpose":"general"},"_links":{"self":[{"href":"https:\/\/kuremaa.eu\/hannokas\/wp-json\/wp\/v2\/pages\/801","targetHints":{"allow":["GET"]}}],"collection":[{"href":"https:\/\/kuremaa.eu\/hannokas\/wp-json\/wp\/v2\/pages"}],"about":[{"href":"https:\/\/kuremaa.eu\/hannokas\/wp-json\/wp\/v2\/types\/page"}],"author":[{"embeddable":true,"href":"https:\/\/kuremaa.eu\/hannokas\/wp-json\/wp\/v2\/users\/1"}],"replies":[{"embeddable":true,"href":"https:\/\/kuremaa.eu\/hannokas\/wp-json\/wp\/v2\/comments?post=801"}],"version-history":[{"count":6,"href":"https:\/\/kuremaa.eu\/hannokas\/wp-json\/wp\/v2\/pages\/801\/revisions"}],"predecessor-version":[{"id":810,"href":"https:\/\/kuremaa.eu\/hannokas\/wp-json\/wp\/v2\/pages\/801\/revisions\/810"}],"wp:attachment":[{"href":"https:\/\/kuremaa.eu\/hannokas\/wp-json\/wp\/v2\/media?parent=801"}],"curies":[{"name":"wp","href":"https:\/\/api.w.org\/{rel}","templated":true}]}}