{"id":4,"date":"2016-03-06T01:22:57","date_gmt":"2016-03-05T23:22:57","guid":{"rendered":"https:\/\/kuremaa.eu\/hannokas\/?page_id=4"},"modified":"2026-01-06T02:46:21","modified_gmt":"2026-01-06T00:46:21","slug":"kontakt","status":"publish","type":"page","link":"https:\/\/kuremaa.eu\/hannokas\/kontakt\/","title":{"rendered":"Kontakt"},"content":{"rendered":"\n<p><strong>O\u00dc Hannokas<\/strong><br><strong>reg. kood:<\/strong>&nbsp;12175302<br><strong>LHV pank:<\/strong>&nbsp;EE487700771001270582<br><strong>aadress:<\/strong>&nbsp;Metsa tn 2-19, 48445, Kuremaa alevik, J\u00f5geva vald, J\u00f5geva maakond<br><strong>telefon:<\/strong>&nbsp;+372 517 0314<br><strong>e-post:<\/strong>&nbsp;hannokas@kuremaa.eu<\/p>\n\n\n\n<div style=\"height:20px\" aria-hidden=\"true\" class=\"wp-block-spacer\"><\/div>\n\n\n\n<p><strong><mark style=\"background-color:rgba(0, 0, 0, 0)\" class=\"has-inline-color has-kubio-color-1-color\">Laenutus ja rent:<\/mark><\/strong><br><strong>telefon:<\/strong> +372 5916 1510<br><strong>e-post:<\/strong> rent@kuremaa.eu<br><strong>Ladu ja v\u00e4ljastamine:<\/strong>&nbsp;T\u00f6\u00f6stuse tn 12, 48445, Kuremaa alevik, J\u00f5geva vald, J\u00f5geva maakond&nbsp;<em>(eelneval kokkuleppel!)<\/em><br><\/p>\n\n\n\n<div style=\"height:20px\" aria-hidden=\"true\" class=\"wp-block-spacer\"><\/div>\n\n\n\n<p><strong><mark style=\"background-color:rgba(0, 0, 0, 0)\" class=\"has-inline-color has-kubio-color-1-color\">Korteri\u00fchistu haldus ja tehnilise konsultandi teenus:<\/mark><\/strong><br><strong>telefon:<\/strong> +372 517 0314<br><strong>e-post:<\/strong> janar@kuremaa.eu<br><em>N\u00e4itude teatamine: www.korto.ee; haldus@kuremaa.eu; SMS +372 517 0314<\/em><\/p>\n\n\n\n<div style=\"height:20px\" aria-hidden=\"true\" class=\"wp-block-spacer\"><\/div>\n\n\n\n<p><strong><mark style=\"background-color:rgba(0, 0, 0, 0)\" class=\"has-inline-color has-kubio-color-1-color\">Kinnisvara m\u00fc\u00fck, kantava tulekustuti kontroll ja kaamerate paigaldus:<\/mark><\/strong><br><strong>telefon:<\/strong> +372 517 0314<br><strong>e-post:<\/strong> janar@kuremaa.eu<br><em>Kantava tulekustuti kontroll toimub Kuremaal, T\u00f6\u00f6stuse tn 12 tootmishoones eelneval kokkuleppel.<\/em><\/p>\n","protected":false},"excerpt":{"rendered":"<p>O\u00dc Hannokasreg. kood:&nbsp;12175302LHV pank:&nbsp;EE487700771001270582aadress:&nbsp;Metsa tn 2-19, 48445, Kuremaa alevik, J\u00f5geva vald, J\u00f5geva maakondtelefon:&nbsp;+372 517 0314e-post:&nbsp;hannokas@kuremaa.eu Laenutus ja rent:telefon: +372 5916 1510e-post: rent@kuremaa.euLadu ja v\u00e4ljastamine:&nbsp;T\u00f6\u00f6stuse tn 12, 48445, Kuremaa alevik, J\u00f5geva vald, J\u00f5geva maakond&nbsp;(eelneval kokkuleppel!) Korteri\u00fchistu haldus ja tehnilise konsultandi teenus:telefon: +372 517 0314e-post: janar@kuremaa.euN\u00e4itude teatamine: www.korto.ee; haldus@kuremaa.eu; SMS +372 517 0314 Kinnisvara m\u00fc\u00fck, kantava tulekustuti [&hellip;]<\/p>\n","protected":false},"author":1,"featured_media":0,"parent":0,"menu_order":7,"comment_status":"closed","ping_status":"closed","template":"","meta":{"saved_in_kubio":true,"_monsterinsights_skip_tracking":false,"_monsterinsights_sitenote_active":false,"_monsterinsights_sitenote_note":"","_monsterinsights_sitenote_category":0,"_uf_show_specific_survey":0,"_uf_disable_surveys":false,"footnotes":""},"class_list":["post-4","page","type-page","status-publish","hentry"],"aioseo_notices":[],"kubio_ai_page_context":{"short_desc":"","purpose":"general"},"_links":{"self":[{"href":"https:\/\/kuremaa.eu\/hannokas\/wp-json\/wp\/v2\/pages\/4","targetHints":{"allow":["GET"]}}],"collection":[{"href":"https:\/\/kuremaa.eu\/hannokas\/wp-json\/wp\/v2\/pages"}],"about":[{"href":"https:\/\/kuremaa.eu\/hannokas\/wp-json\/wp\/v2\/types\/page"}],"author":[{"embeddable":true,"href":"https:\/\/kuremaa.eu\/hannokas\/wp-json\/wp\/v2\/users\/1"}],"replies":[{"embeddable":true,"href":"https:\/\/kuremaa.eu\/hannokas\/wp-json\/wp\/v2\/comments?post=4"}],"version-history":[{"count":26,"href":"https:\/\/kuremaa.eu\/hannokas\/wp-json\/wp\/v2\/pages\/4\/revisions"}],"predecessor-version":[{"id":982,"href":"https:\/\/kuremaa.eu\/hannokas\/wp-json\/wp\/v2\/pages\/4\/revisions\/982"}],"wp:attachment":[{"href":"https:\/\/kuremaa.eu\/hannokas\/wp-json\/wp\/v2\/media?parent=4"}],"curies":[{"name":"wp","href":"https:\/\/api.w.org\/{rel}","templated":true}]}}